der when 263 is divided by p.
7
Let l(i) = 28*i**3 + 24*i**3 - i**2 + 5*i - 4 + 0*i**2 + 6*i**3. Let n(b) = b**2 + 20. What is the remainder when l(1) is divided by n(0)?
18
Let g be 10 + (-6)/(8/4). Suppose g*y - 14 = 5*y. What is the remainder when y is divided by 2?
1
Suppose -2*a - 4 = 0, 3*a = -4*o + o. Suppose -4*i + 162 = o*x, x - 113 = -4*i + 46. Calculate the remainder when i is divided by 8.
7
Suppose 0 = -6*x + 7*x - 22. Let l(w) = -2*w + 43. What is the remainder when l(-5) is divided by x?
9
Let l(a) = -a**2 + 7*a + 18. Suppose -12*q + 44 + 52 = 0. Calculate the remainder when 28 is divided by l(q).
8
Let q(r) = -r**2 + 8*r + 3. Calculate the remainder when 99 is divided by q(5).
9
Let l(k) = 13*k**2 + 24*k + 42. Calculate the remainder when 321 is divided by l(-2).
45
Let y(g) = 7*g**2 + 9*g - 10*g + g**3 - g - 3. What is the remainder when y(-6) is divided by 23?
22
Let d be -218*4/24*3/(-1). Suppose -2*u = -d + 19. Calculate the remainder when u is divided by 14.
3
Suppose -16 = 3*o - o - 5*p, -5*o + 2*p = -2. Suppose -h - 173 = -5*s, -o*s - 6*h + 80 = -h. Calculate the remainder when s is divided by 18.
17
Suppose -h + 59 + 24 = 0. Let i = h - 59. What is the remainder when i is divided by 9?
6
Let v(y) = -29*y**2 + 6*y + 6. Let h(p) = -p**2 + p + 1. Let m(o) = 5*h(o) - v(o). What is the remainder when 70 is divided by m(-1)?
22
Suppose -3*h - 9*h = -1188. What is the remainder when h is divided by 50?
49
Suppose 9 = q + 2*q. Suppose 3*a = -q*d + 51 + 39, -3*a + 2*d = -90. Calculate the remainder when 119 is divided by a.
29
Suppose 0*b - 2*b + 146 = 4*m, -2*m = 4*b - 298. Let l = -42 + b. What is the remainder when l is divided by 7?
5
Let u(j) = -j - 1. Let x(z) = 7*z - 72. Let i(n) = -u(n) - x(n). Calculate the remainder when 74 is divided by i(9).
17
Let g(k) = -k**2 + 18*k - 11. Let u(b) = b**2 - 4*b - 4. Let n be u(-3). What is the remainder when 21 is divided by g(n)?
3
Suppose 3*m - 28 = 194. Let o = -53 + m. Suppose 0*r + j - o = -2*r, -2*j - 14 = -3*r. What is the remainder when 15 is divided by r?
7
Let p = 236 + -211. What is the remainder when p is divided by 25?
0
Suppose -18 = -v + 6. Let q = -15 + v. Suppose -61 = -4*m + m - 5*l, -4*m - 4*l + 76 = 0. Calculate the remainder when m is divided by q.
8
Suppose -27*l + 4*g - 89 = -28*l, -3*l = 2*g - 317. Calculate the remainder when 759 is divided by l.
105
Suppose 17 + 4 = 7*f. Suppose -5*i + 25 = f*a - a, 5*a - 80 = 5*i. What is the remainder when 25 is divided by a?
10
Let j(h) = -h**3 - 9*h**2 - 7*h + 9. Let g be j(-8). Suppose g = 6*i - 41. Calculate the remainder when 26 is divided by i.
5
Calculate the remainder when (-15)/10 - 1304/(-16) is divided by 12.
8
Let l(i) = i**3 - 4*i**2 - 4*i + 7. Let f be 14/2 - (2 - 0). Suppose -2*w = -w + u - 26, -u = -3*w + 66. Calculate the remainder when w is divided by l(f).
11
Let a(r) = 8*r + 51. What is the remainder when 39 is divided by a(-5)?
6
Let w(n) = n**2 + 5*n + 4. Let t be w(-1). Suppose -i + 0*i + 74 = t. Calculate the remainder when i is divided by 20/1 - (-2 + 3).
17
Suppose 2473*w - 2466*w = 35. Calculate the remainder when 327 is divided by w.
2
Let v be -3 + -12*1/(-2). Suppose v*p = -n + 112, -n - 2*n = -3*p - 288. What is the remainder when 74 is divided by ((-12)/(-10))/(8/n)?
14
Suppose 3*m - 275 - 1 = 0. Calculate the remainder when m is divided by 24.
20
Suppose -6*v - 3*v = -81. Suppose -96 = -v*i + i. Calculate the remainder when 35 is divided by i.
11
Suppose -4*v + 77 = -3. Let c = -5 + 6. Calculate the remainder when (-20 + c)/((-1)/3) is divided by v.
17
What is the remainder when (0 - (-62)/(-2))*(-4 - -1) is divided by 24?
21
Let n(q) = -q + 12. Let x be n(8). Suppose x*h + 23 = 2*c - 7, -3*c + 42 = -5*h. Calculate the remainder when c is divided by 4.
1
Let w be ((15 - 3)*-1)/((-2)/1). Suppose w*m + 9*m = 180. What is the remainder when m is divided by 3?
0
Suppose -3 = 2*p - 11. Let k(r) = r + 1. Calculate the remainder when 27*-1*(0 - 1) is divided by k(p).
2
Let d be (-8)/44 - 92/(-22). Suppose 2*y - 4 - d = 0. Calculate the remainder when y is divided by 3.
1
Suppose 5*q - 99 = -2*s, 50*s - 51*s - 55 = -3*q. Calculate the remainder when 1518 is divided by q.
17
Let n(i) = -11 + 3*i + 3*i - 4*i - 5*i. Suppose -51 = l - 134. Calculate the remainder when l is divided by n(-13).
27
Let t(y) = -2*y + 20. Let v be t(6). What is the remainder when 28 is divided by v/3*108/48?
4
Let b(y) = -3*y + 5. Let z be b(3). Let v be 11268/48 - (-3)/z. Suppose v = k + 2*k. What is the remainder when k is divided by 16?
14
Suppose -57*t - 23*t + 4640 = 0. What is the remainder when t is divided by 13?
6
Suppose -3*p = -3*y + 2*y - 132, 101 = 2*p - 5*y. Suppose 0 = -3*u + p + 14. Calculate the remainder when 54 is divided by u.
16
Let t(c) = c**3 + 15*c**2 - 10*c + 61. What is the remainder when t(-15) is divided by 53?
52
Suppose 88 + 208 = 3*p - 2*y, -y = 1. Suppose 4*s - 3*w - 440 = 0, w + w = -4*s + 420. Suppose -7 = 4*l - s. Calculate the remainder when p is divided by l.
23
Let w = 23 - 46. Let g = w + 58. Calculate the remainder when 102 is divided by g.
32
Let f = -15 - -14. Let m(z) = -z**3 - 8*z**2 - 9*z - 1. Calculate the remainder when 200/(6 + -2) - f is divided by m(-7).
12
What is the remainder when 212 is divided by 2/(-4)*-10 - (-30 + 8)?
23
Let x be 456/(-28) - (-4)/14. Let c be x/6*(-12)/(-2). Calculate the remainder when 50 is divided by (78/24)/((-2)/c).
24
Let z = -21 - -14. Let n(k) = k**3 + 9*k**2 + 6*k + 5. What is the remainder when n(z) is divided by 16?
13
Suppose 0*h = 6*h - 30. Suppose 51 = w + d, -4*w - 3*d = -h*d - 228. Calculate the remainder when 107 is divided by w.
52
Calculate the remainder when 41 is divided by ((-1)/2)/((-27)/378).
6
Suppose 0*f - 8 = 2*f. Let z be (-6)/f*(-48)/(-18). Calculate the remainder when 6 is divided by -3 - 1/(z/(-28)).
2
Let b be 1/(3 - (-220)/(-72)). Let c be 317/3 - (-12)/b. Let p = 175 - c. What is the remainder when p is divided by 18?
16
Let g = 39 + 9. Let t = 58 - g. What is the remainder when 29 is divided by t?
9
Let a = 22 + 35. Let t = -36 + a. What is the remainder when t is divided by 6?
3
Let i(y) = y**2 - 15*y + 14. Calculate the remainder when i(16) is divided by 14.
2
Suppose -12 = 2*c - 5*c. Calculate the remainder when 11 is divided by (-3 - 0 - -5) + c.
5
Let o = 471 + -88. Suppose 54 - o = -7*l. Suppose 0 = -4*p + 18 + 22. Calculate the remainder when l is divided by p.
7
What is the remainder when 27 is divided by (0 - (-2 - -1))*-5*-3?
12
Let w = 1695 - 1659. Calculate the remainder when 287 is divided by w.
35
Calculate the remainder when (-327)/(-2) - 390/156 is divided by 41.
38
Let p = 80 + -171. Let a = 113 + p. What is the remainder when 65 is divided by a?
21
Let y = -174 - -210. Suppose -5*v - 3*u + 2*u = -354, u - 144 = -2*v. Calculate the remainder when v is divided by y.
34
Suppose 68*j = 65*j - 51. Let a = 21 - j. What is the remainder when a is divided by 10?
8
Let b(n) = 2*n - 6*n**2 + 0 + 3*n**2 - 2 + 3. Let l be b(-2). Let r = 26 + l. What is the remainder when 53 is divided by r?
9
Let r(x) be the first derivative of 26*x**3/3 + x**2 + 3*x - 31. What is the remainder when 80 is divided by r(-1)?
26
Let g(u) = -u**3 - 13*u**2 - 34*u - 18. What is the remainder when 98 is divided by g(-10)?
10
Suppose 12*h - 15 = 7*h. Suppose -a - 32 = -h*t, 0 = -2*t + 3*t + a - 16. Calculate the remainder when t is divided by 5.
2
Suppose -5*f = -5*d - 105, 4*d - 71 = -5*f + 79. Let v = 136 - 60. What is the remainder when v is divided by f?
24
Suppose 17*l + 96 = 13*l. Let p = l + 27. Suppose p*g - 23 = -r, -r + 18 = -g - 25. Calculate the remainder when 150 is divided by r.
36
Let u be ((-16)/24)/((-4)/(-66)). Let h = u - -22. Calculate the remainder when 19 is divided by h.
8
Suppose -2 - 86 = -4*f. Calculate the remainder when 240 is divided by f.
20
Let x(d) = -12*d**2 - 5*d**3 + 12*d + 2*d**3 - 3*d**3 + 5*d**3 - 33. Calculate the remainder when x(-14) is divided by 49.
44
Let f = -8 + 12. Suppose 3*v + 2*u = 1, 3 = 5*v + f*u - 0. What is the remainder when ((-33)/22)/(v/6) is divided by 6?
3
Suppose -23*y + 22*y + 141 = 0. Suppose 3*w = -2*s + 104, 2*s = 5*s + 6. Calculate the remainder when y is divided by